 the hundred millions digit of 2760462596?
7
What is the units digit of 6471110646?
6
What is the millions digit of 112304994?
2
What is the units digit of 103276551?
1
What is the millions digit of 1629076?
1
What is the tens digit of 1932990414?
1
What is the ten thousands digit of 110136599?
3
What is the millions digit of 132851494?
2
What is the units digit of 532572936?
6
What is the ten millions digit of 502401026?
0
What is the hundreds digit of 496938112?
1
What is the hundreds digit of 121665248?
2
What is the millions digit of 979063383?
9
What is the units digit of 3519815177?
7
What is the ten thousands digit of 20250101?
5
What is the hundreds digit of 5943670?
6
What is the ten thousands digit of 6503291?
0
What is the billions digit of 1524131146?
1
What is the hundreds digit of 616151531?
5
What is the hundred thousands digit of 689942340?
9
What is the hundred thousands digit of 34357619?
3
What is the ten millions digit of 105208451?
0
What is the billions digit of 1518317901?
1
What is the ten thousands digit of 88712212?
1
What is the thousands digit of 203775518?
5
What is the millions digit of 322617842?
2
What is the hundreds digit of 76063552?
5
What is the units digit of 159076880?
0
What is the hundred thousands digit of 55107403?
1
What is the hundred thousands digit of 3501442095?
4
What is the tens digit of 7073041946?
4
What is the units digit of 9091712667?
7
What is the tens digit of 36308219?
1
What is the ten thousands digit of 6880662?
8
What is the hundred thousands digit of 5081156286?
1
What is the ten thousands digit of 364798767?
9
What is the hundred thousands digit of 514488078?
4
What is the tens digit of 1458278961?
6
What is the ten thousands digit of 2616120735?
2
What is the ten thousands digit of 5547445?
4
What is the hundred thousands digit of 416250022?
2
What is the hundred millions digit of 170699749?
1
What is the millions digit of 613654790?
3
What is the hundred millions digit of 127548904?
1
What is the thousands digit of 4872235842?
5
What is the ten millions digit of 1539050806?
3
What is the thousands digit of 1252551787?
1
What is the ten millions digit of 3094385870?
9
What is the ten thousands digit of 3443371137?
7
What is the millions digit of 164622465?
4
What is the hundred thousands digit of 552552300?
5
What is the hundreds digit of 160309251?
2
What is the hundreds digit of 91785453?
4
What is the hundred millions digit of 2005381080?
0
What is the thousands digit of 209707386?
7
What is the tens digit of 71841552?
5
What is the hundred thousands digit of 7524343?
5
What is the tens digit of 6003020?
2
What is the thousands digit of 250568088?
8
What is the hundred millions digit of 3043498711?
0
What is the hundreds digit of 408943328?
3
What is the hundred millions digit of 547318105?
5
What is the ten thousands digit of 368420294?
2
What is the hundreds digit of 5150943?
9
What is the hundred thousands digit of 385959518?
9
What is the thousands digit of 106745331?
5
What is the tens digit of 1225490561?
6
What is the thousands digit of 28612653?
2
What is the units digit of 778270133?
3
What is the ten thousands digit of 1039526021?
2
What is the units digit of 39526193?
3
What is the tens digit of 820095?
9
What is the tens digit of 89405093?
9
What is the hundred thousands digit of 443250766?
2
What is the millions digit of 342040876?
2
What is the ten millions digit of 229590289?
2
What is the hundreds digit of 1618246841?
8
What is the hundred thousands digit of 566486589?
4
What is the billions digit of 1049965306?
1
What is the hundred millions digit of 309820749?
3
What is the hundreds digit of 32937182?
1
What is the hundred millions digit of 329965324?
3
What is the thousands digit of 76897578?
7
What is the tens digit of 498711582?
8
What is the thousands digit of 187065731?
5
What is the tens digit of 1351064040?
4
What is the ten millions digit of 315935568?
1
What is the millions digit of 362128662?
2
What is the hundred millions digit of 1066720353?
0
What is the ten thousands digit of 357841864?
4
What is the ten millions digit of 73978618?
7
What is the units digit of 4830684506?
6
What is the millions digit of 3311149359?
1
What is the hundreds digit of 216710208?
2
What is the thousands digit of 1153696118?
6
What is the thousands digit of 22739498?
9
What is the units digit of 7930635353?
3
What is the thousands digit of 2035973405?
3
What is the units digit of 46309641?
1
What is the ten millions digit of 283026724?
8
What is the millions digit of 379983769?
9
What is the millions digit of 4868617147?
8
What is the ten millions digit of 701697203?
0
What is the hundreds digit of 51887145?
1
What is the thousands digit of 7931632558?
2
What is the hundred millions digit of 152975199?
1
What is the tens digit of 92786320?
2
What is the units digit of 45293244?
4
What is the hundred thousands digit of 1054644136?
6
What is the units digit of 912328095?
5
What is the hundreds digit of 7269239418?
4
What is the hundreds digit of 1288554142?
1
What is the millions digit of 831537514?
1
What is the tens digit of 249672417?
1
What is the hundreds digit of 97918984?
9
What is the hundred millions digit of 992961672?
9
What is the ten thousands digit of 17844606?
4
What is the tens digit of 1257769467?
6
What is the hundred thousands digit of 12979134?
9
What is the ten thousands digit of 791155697?
5
What is the thousands digit of 2679781936?
1
What is the hundreds digit of 200714634?
6
What is the billions digit of 1264797301?
1
What is the millions digit of 18838165?
8
What is the hundreds digit of 13967287?
2
What is the ten thousands digit of 841699455?
9
What is the hundred thousands digit of 45526969?
5
What is the millions digit of 639481183?
9
What is the hundred thousands digit of 1867915115?
9
What is the ten thousands digit of 98134286?
3
What is the millions digit of 14066430?
4
What is the millions digit of 60679384?
0
What is the ten thousands digit of 371521163?
2
What is the units digit of 9446987?
7
What is the hundred thousands digit of 34818319?
8
What is the ten thousands digit of 5948682?
4
What is the hundreds digit of 23878015?
0
What is the units digit of 59694137?
7
What is the ten thousands digit of 156937779?
3
What is the hundred millions digit of 509908718?
5
What is the tens digit of 196700653?
5
What is the hundred thousands digit of 5719488229?
4
What is the ten thousands digit of 59908094?
0
What is the millions digit of 39984601?
9
What is the hundreds digit of 35311973?
9
What is the hundreds digit of 1092500975?
9
What is the billions digit of 1145828767?
1
What is the hundreds digit of 9029054303?
3
What is the millions digit of 24363772?
4
What is the millions digit of 5591948328?
1
What is the thousands digit of 8153474?
3
What is the millions digit of 31187350?
1
What is the hundred millions digit of 348448062?
3
What is the thousands digit of 7239588313?
8
What is the units digit of 192215562?
2
What is the millions digit of 233625189?
3
What is the hundreds digit of 74000528?
5
What is the hundred thousands digit of 17936732?
9
What is the tens digit of 360623329?
2
What is the ten thousands digit of 1456098970?
9
What is the thousands digit of 60203695?
3
What is the thousands digit of 50526339?
6
What is the thousands digit of 132283773?
3
What is the thousands digit of 32545284?
5
What is the hundred thousands digit of 2018180313?
1
What is the hundreds digit of 85599773?
7
What is the ten thousands digit of 1087396347?
9
What is the units digit of 208228839?
9
What is the ten millions digit of 102364205?
0
What is the ten millions digit of 218908458?
1
What is the thousands digit of 3198482967?
2
What is the millions digit of 182130877?
2
What is the hundred thousands digit of 109802418?
8
What is the tens digit of 3422993427?
2
What is the thousands digit of 1902922279?
2
What is the hundred thousands digit of 65670945?
6
What is the units digit of 4786398005?
5
What is the hundreds digit of 95224717?
7
What is the hundred thousands digit of 58596964?
5
What is the units digit of 239503634?
4
What is the hundred thousands digit of 3787094?
7
What is the hundred millions digit of 4676174276?
6
What is the mil